q*v + 2291. Is v a composite number?
False
Let f(j) = j**2 + 5*j + 4. Let g be f(-4). Suppose g = 23*u - 3846 - 118813. Is u a composite number?
False
Let w(g) = -g**2 + 4*g + 17. Let z be w(6). Suppose 3*v + z = -t + 3, -26 = -4*t + 5*v. Is (2 - 180)*t/(-8) prime?
True
Suppose -18*i + 2*i + 2111344 = 0. Is i prime?
True
Is ((-158500)/(-160) + -3)*-1*1*-8 composite?
False
Suppose 3*f - 11*c - 30 = -14*c, 5*c - 30 = -f. Suppose -23758 = -f*n + 50137. Is n composite?
False
Let f(l) = 2 + l**2 + 2*l**2 - 9*l**2 - l**3. Let x be f(-6). Suppose x*o - 3*n - 3352 = 0, -5370 = -4*o - 2*n + 1350. Is o a composite number?
True
Suppose -5*h = 4002 - 26222. Suppose -11*t + 2497 = -h. Is t a composite number?
False
Let j = -502 + -66. Let o = 717 - j. Is o composite?
True
Let s(p) be the second derivative of -19*p**3/3 + 51*p**2/2 + 8*p. Is s(-4) prime?
False
Suppose -2*j = -4*j + 12. Let w(f) = f**3 - f. Let s(g) = -10*g**3 - 8*g**2 + 20*g - 5. Let x(m) = -s(m) - 5*w(m). Is x(j) prime?
True
Let m = -386838 - -972089. Is m prime?
True
Let t = -97713 + 138322. Is t a composite number?
False
Suppose -31*x + 15553941 - 740188 = 0. Is x a prime number?
True
Let a = -100 - -92. Let f be (-1 + 2)/1 - (0 + a). Suppose -f*k - 14140 = -29*k. Is k a composite number?
True
Let n be 15/(-20)*-8 + -1953. Let k = 1406 - n. Is k prime?
False
Let i(q) = -5*q - 33. Let u be i(-6). Let o be -2*3/(-2) + (-6)/u. Suppose -a = 3*a + 3*n - 739, 0 = n - o. Is a a prime number?
True
Let t be -3*((-1)/(-1) - 3). Let f(n) = 13*n - 117. Let j be f(9). Suppose j*a - 1770 = -t*a. Is a prime?
False
Suppose 182 - 170 = -6*d. Is d/((6/(-31791))/1) prime?
True
Let z be 12*(4 + 86592/(-18)). Is z/(-48) + (-2)/3 a composite number?
False
Let n be 1/4 + (-45)/(-12). Suppose -n*k + 8772 = s + 927, -k - 4*s + 1965 = 0. Is k a prime number?
False
Let v = 11220 + -6143. Is v a composite number?
False
Let m = 377890 + -159303. Is m composite?
True
Let q be 2/(4/(-5698) - 0/(-3)). Let j = 6178 + q. Is j a prime number?
True
Suppose -6*f = -7*f, 150 = -2*z + 2*f. Let w = 79 + z. Suppose 5*l + w*x = 4249, 0*x = -x - 4. Is l a composite number?
False
Suppose 0*s + 25*s - 23777714 = -8914839. Is s a prime number?
False
Suppose -2*x + 868 = -2*j - 4*x, 2*x + 2164 = -5*j. Let l = 253 + -558. Let v = l - j. Is v prime?
True
Let k = 5427 + -2815. Let g = 976 + -2249. Let f = k + g. Is f a composite number?
True
Let p(o) = 16161*o**2 + 29*o + 153. Is p(-5) prime?
False
Suppose -5*w = -5*k + 32625, 4*w + 6505 = k + 8*w. Is k prime?
True
Let t = -1 + -3. Let x = -1 - t. Suppose x*v - 520 = 53. Is v a composite number?
False
Suppose 5 - 11 = -3*z. Suppose -4*m + 30106 = z*n, -n - m = -3*n + 30106. Is n prime?
True
Suppose -8*b + 11*b = 6. Let n(w) = 1360*w**3 + b*w**2 - 10 + 20 - 11. Is n(1) composite?
False
Suppose -p + 3 = 6*h - 2*h, -2*h + 24 = 2*p. Suppose -7*a = -2*a - p. Suppose 2*w - 5035 = -a*w. Is w a prime number?
False
Let q = 1822 - 1149. Is q prime?
True
Let l = 590232 + -394690. Is l prime?
False
Suppose -177*f - 48*f + 36479995 = -39340730. Is f a prime number?
False
Suppose 6*w - 3*r = 9*w - 205917, -5*w + 343135 = -5*r. Is w composite?
False
Let v = 185994 - 96953. Is v a prime number?
True
Let l(v) = -v**2 - 9*v - 14. Let i be l(-5). Suppose -i*m - 5 = 1. Is (3 - -266) + (-3 - m) prime?
False
Suppose 18*x + 504 = 19*x. Suppose 5839 = 5*k + x. Is k a composite number?
True
Let j = 1377 - 1388. Let f(c) be the second derivative of -c**5/20 - 11*c**4/12 - 3*c**3/2 - 10*c**2 - c. Is f(j) composite?
False
Let i(o) = o**2 - 23*o - 14. Let k be i(24). Suppose -k*v = v - 35717. Is v composite?
True
Let s be (0 + -5)/(2 - 2 - 1). Suppose -b - 3*b = -2*h - 4, -s*b = -2*h - 6. Suppose 0 = 2*x - 3*o - 2813, -2*x + 1421 + 1387 = -b*o. Is x a prime number?
True
Let v = -3296 - -20163. Suppose 5*k + 1118 = -v. Let c = k - -5578. Is c composite?
True
Let g = 2612 + 282. Let n = -1791 + g. Is n a composite number?
False
Is 2*(7937420/40 + -15) a prime number?
False
Let k(y) = -6*y + 2. Let o be k(1). Let i(l) = 16*l**2 - 7*l - 8. Let f be i(o). Suppose -2*s + f = 4*s. Is s a composite number?
True
Is (-4443231)/(-351) + 4/18 a composite number?
False
Suppose 0*b + 55 = 5*b. Let l(c) = -c + 11. Let r be l(b). Suppose r = 2*s + 4*k - 350, 0*k = -4*s + 4*k + 760. Is s composite?
True
Let f = 317011 + -174688. Is f composite?
True
Is 34258864/1316 - (6/14)/(-1) prime?
False
Let l(b) = -20*b - 6 + 25 + 10*b**2 - 9*b**2. Let w be l(19). Is ((-4 - w) + -3)/(1/(-11)) a composite number?
True
Let x = 6244 - -9183. Is x a composite number?
False
Let c(f) = 68*f**3 + 5*f**2 - 37*f + 187. Is c(8) a composite number?
False
Let p(w) = 3*w**2 + 0*w**2 + 27*w**2 + 10 - 3*w. Let y be 7/(-6 - 1)*25/(-5). Is p(y) composite?
True
Is 643374/16 + -10 + 3/24 a prime number?
False
Let b(r) = 53 + 4*r - 67*r + 5*r - 32*r. Let p be b(-12). Let f = -595 + p. Is f a composite number?
True
Let o = 877 + -69. Suppose -f - 3*f - o = 0. Let a = f + 396. Is a composite?
True
Suppose 4*c = -2*u + 41482, 19*u - 16*u - 4*c = 62233. Is u a composite number?
False
Let h = 5396 - 1053. Is h composite?
True
Let m = 180 + -173. Let p(k) = 11*k**3 + 4*k**2 - 3*k + 41. Is p(m) a prime number?
True
Suppose -144*o - 31*o = -29*o - 111411578. Is o a prime number?
True
Suppose -y + 5*y + 8 = 0, 4*o - 8 = 4*y. Suppose o = 85*x - 86*x + 379. Is x a composite number?
False
Suppose -3*d + 164 = -931. Suppose z + 0*m - m = 6, 2*m + 4 = 0. Suppose 2*k + 4*n - d = 219, z*n - 1180 = -4*k. Is k composite?
True
Let d = -192205 - -426508. Is d a prime number?
False
Let v(o) = -154024*o - 231. Is v(-2) a prime number?
True
Suppose -5*l + 56378 = 3*z - 124566, -z = 2*l - 60317. Is z a prime number?
False
Suppose -4 = -7*k + 10. Suppose -k*h - 29 = 9. Is (-1)/(((-18)/h)/1 + -1) prime?
True
Let h = 1231 + 380. Suppose -5 = 5*w, -4*w - 924 = 3*y - y. Let r = y + h. Is r prime?
True
Suppose 4*t + 8 = 0, -2502 - 7728 = -4*f - 3*t. Is ((-33)/(-33))/(1/f) a prime number?
False
Let b(u) = 8*u - 61. Let t be b(8). Suppose -t*o + 3*f + 16797 = -8007, -15 = 3*f. Is o a composite number?
False
Is 24/(-264) + (-3078098)/(-11) a composite number?
True
Let u(f) = 0 + 2*f + 201*f**3 - 1 + 2*f**2 - 3*f**2. Let i(s) = s**3 + s**2 + 1. Let h be i(0). Is u(h) prime?
False
Suppose -26*w + 14 = -28*w, 5*n = 7*w + 1225814. Is n composite?
True
Let p = 70771 + -12841. Is p/22 + 126/33 + -4 composite?
False
Let k = -105778 - -268947. Is k a composite number?
False
Let f = 15490 - -37977. Is f a composite number?
True
Suppose 21*k - 1830 = 20*k. Suppose -3746 = -8*j + k. Is j a composite number?
True
Is ((34885/(-15))/(-1))/((-16)/(-96)) composite?
True
Is 209445/675*9*5 composite?
False
Let m(c) = -2*c**2 + 1. Let a(o) = 194*o**2 + 3*o - 8. Let q(z) = a(z) + 5*m(z). Let w(i) = 2*i**3 + i - 1. Let n be w(1). Is q(n) a composite number?
False
Let b = -136594 - -299837. Is b prime?
True
Let b = -62 - -1325. Is (2 + -6 + b)/(4/4) composite?
False
Let v(q) = 108*q**2 + 1. Suppose -2 = -2*t - 0*t. Let x be t - 4/(-6)*-3. Is v(x) prime?
True
Suppose 4*s + 5*w - 4057 - 55640 = 0, 2*s = 8*w + 29838. Is s prime?
True
Suppose g + 3*u - 46216 - 284034 = 0, -5*u + 1651320 = 5*g. Is g a composite number?
False
Suppose -6*v - 28 = 26. Let i be (v/6)/(-3)*(3 + -12009). Is (i + -2)/((-1)/1) composite?
True
Suppose 0 = -3*l - 11765 + 1034. Let i = 6828 + l. Is i a prime number?
True
Let k(m) = m**3 - 62*m**2 + 580*m - 188. Is k(51) a prime number?
False
Suppose 2*x = -7*c + 3*c - 180, -5*x + 194 = -4*c. Let l = -46 - c. Suppose 15*n - 17*n + 3014 = l. Is n a composite number?
True
Let d(s) = 31*s**2 - 8*s - 57. Let m be d(7). Suppose -36*b = -38*b + m. Is b a prime number?
False
Let f(z) = 21*z**3 + 5*z**2 + 13*z + 31. Let c be f(-4). Let a = 3224 + c. Is a a prime number?
False
Suppose 0 = 5*q - 4*i - 273529, -364*q = -369*q - 5*i + 273565. Is q prime?
True
Suppose -5*k = -5*m - 6845, -7355 = -5*k + m - 526. Let a = k - -2812. Is a composite?
False
Let j(h) = 14*h**2 + 7*h + 67. Suppose -4*i = 6*i + 80. Is j(i) a composite number?
False
Let v(f) = f**3 + 9*f**2 + 16*f - 9. Let m be v(-5). Suppose -33007 = -m*h + 17076. Is h prime?
False
Suppose 48 = 3*l + 45. Suppose 16*u - l = 17*u. Is (-7 - -216) + u +